00
22434453 (base 6) to base 13
1b1929
What is -88adb8 (base 15) in base 2?
-11000110111000001110000
What is 11212313 (base 5) in base 2?
11000101001011110
162db (base 15) to base 14
1c0d5
What is 2d878 (base 14) in base 11?
78869
-1012150153 (base 6) to base 5
-10134342034
Convert 2333188 (base 11) to base 3.
21200000001000
Convert 1316708 (base 9) to base 4.
2233303202
Convert 14651645 (base 9) to base 2.
11011110101100001000000
-122221022000212 (base 3) to base 5
-4420014202
1335548 (base 9) to base 2
10110010110011001101
53160323 (base 7) to base 11
25a54a3
What is 3750697 (base 10) in base 11?
2131a55
-12012225 (base 6) to base 2
-1011011100100011001
What is 37442 (base 11) in base 3?
2201202111
-334688 (base 11) to base 16
-822e6
What is 232236220 (base 7) in base 10?
14278516
Convert -2cab3 (base 15) to base 4.
-203030220
Convert -203221603 (base 7) to base 9.
-24380327
What is -19881 (base 16) in base 7?
-613614
-15a343 (base 13) to base 14
-dd7ca
Convert 622b6 (base 14) to base 12.
b4a74
What is a733b9 (base 15) in base 16?
79723b
Convert -696b1 (base 14) to base 5.
-31202043
302103110003 (base 4) to base 7
220040021
463830 (base 13) to base 15
22d2d0
2133026 (base 10) to base 13
598b5c
Convert 1073703 (base 8) to base 11.
18aa95
-17d71 (base 16) to base 10
-97649
-98916 (base 12) to base 8
-612042
-111010100110010011010000 (base 2) to base 6
-1305124452
1a7016 (base 11) to base 7
2456413
621407 (base 12) to base 10
1536775
Convert 437548 (base 9) to base 6.
5334155
What is 100110111100101110110 (base 2) in base 5?
311320103
-124099 (base 15) to base 12
-361b39
-111000011011001011101011 (base 2) to base 7
-236503424
-6a2981 (base 13) to base 7
-30262104
What is 1030304134 (base 6) in base 3?
202120220021011
What is 1222200340 (base 5) in base 12?
b926a4
Convert 250136 (base 8) to base 11.
59772
What is 30caf (base 16) in base 9?
334131
What is 112211012211 (base 3) in base 16?
473ad
What is 245809 (base 11) in base 6?
12153402
3600674 (base 9) to base 16
1dbdf2
-412305345 (base 6) to base 7
-114326051
What is 110111001110 (base 2) in base 8?
6716
What is -956956 (base 11) in base 10?
-1531800
Convert 6b41a (base 13) to base 3.
100222011212
Convert -210466663 (base 7) to base 9.
-25355534
What is -368b39 (base 13) in base 3?
-2110021202021
Convert -93acc (base 16) to base 2.
-10010011101011001100
What is -1800332 (base 10) in base 8?
-6674214
Convert -101001101110001110100010 (base 2) to base 3.
-202120200002100
41b81 (base 13) to base 8
347205
-77886 (base 9) to base 8
-145054
What is 231200300333 (base 4) in base 15?
10aa042
What is 4ca2 (base 14) in base 9?
20426
What is 13437073 (base 8) in base 10?
3030587
Convert -523d6a (base 16) to base 8.
-24436552
-1243105015 (base 6) to base 11
-8334513
What is 11001010101111000101 (base 2) in base 15?
1160a5
-211222020211 (base 3) to base 13
-12aa6b
Convert 22031214 (base 6) to base 9.
1211661
Convert -1771142 (base 11) to base 15.
-3e4b38
Convert 69084 (base 11) to base 4.
120121031
Convert 849204 (base 11) to base 10.
1359197
602773 (base 13) to base 3
11012110200121
-626161 (base 7) to base 9
-173771
What is 640b27 (base 14) in base 10?
3382799
Convert 4a7cb5 (base 14) to base 8.
11602367
53d69 (base 14) to base 15
40203
What is e86 (base 16) in base 5?
104333
What is 1421351 (base 6) in base 11?
55700
What is -11121212121 (base 3) in base 6?
-1541241
Convert 1188340 (base 10) to base 4.
10202013310
Convert -3002166 (base 7) to base 8.
-1262702
What is 3c5548 (base 13) in base 9?
2677357
-14427824 (base 9) to base 12
-2495894
What is -52110313 (base 6) in base 2?
-101101110101111100101
What is -254241212 (base 6) in base 3?
-100100022211222
What is -c1352 (base 14) in base 11?
-2979a9
264b2 (base 12) to base 16
cd46
-255567 (base 8) to base 6
-1523451
Convert -15b14b0 (base 14) to base 10.
-10644914
Convert -bda0e (base 16) to base 9.
-1413410
-754185 (base 9) to base 7
-3550454
1302372 (base 14) to base 13
1b84525
What is 8e7b (base 16) in base 14?
d415
27688 (base 12) to base 2
1101010100001000
What is -506330 (base 7) in base 2?
-10101000011110101
440111 (base 7) to base 15
17bae
Convert 24525 (base 14) to base 10.
88821
Convert -2adb0 (base 14) to base 4.
-122013132
What is -1626b3 (base 16) in base 4?
-11202122303
What is -10a5ba3 (base 12) in base 3?
-20000202122020
-100221002210 (base 3) to base 12
-95133
Convert -27275077 (base 8) to base 6.
-335145435
Convert 1300103123 (base 4) to base 13.
1314b3
Convert 21101000022001 (base 3) to base 13.
a71c40
What is -550518 (base 10) in base 11?
-346681
-120011010012022 (base 3) to base 2
-11110101101111111000101
13435333 (base 7) to base 14
2487c3
Convert 110202111022112 (base 3) to base 10.
6780659
Convert 2470853 (base 9) to base 16.
1488a5
Convert 2c177 (base 15) to base 11.
97830
9501 (base 15) to base 7
160561
Convert 100212211211101 (base 3) to base 15.
6db39a
50068b (base 13) to base 2
111000101100000111010
Convert -358443 (base 9) to base 3.
-101222111110
Convert 1001011101010100100 (base 2) to base 6.
10350500
Convert -388634 (base 11) to base 12.
-255ba4
-420525 (base 7) to base 16
-11a66
What is -472961 (base 16) in base 5?
-2143214044
266fe9 (base 16) to base 6
125554041
2ea59 (base 16) to base 14
4d8b7
-102131031 (base 4) to base 9
-124626
10233132212 (base 4) to base 16
12f7a6
11110001110101000010 (base 2) to base 14
1bada2
What is 401386 (base 10) in base 2?
1100001111111101010
40944 (base 11) to base 16
e935
100111000111011001 (base 2) to base 3
22010202222
What is 68579 (base 12) in base 10?
139053
-39606 (base 14) to base 10
-141126
Convert 1c03d (base 14) to base 16.
116e7
1000001000211201 (base 3) to base 7
233064502
-1034201 (base 5) to base 16
-4683
Convert 1c19c0 (base 14) to base 4.
3310333210
What is -1125074 (base 8) in base 4?
-1022220330
Convert -82e1bf (base 16) to base 6.
-503502303
What is 6a5628 (base 11) in base 6?
40001435
Convert 51524011 (base 6) to base 10.
1488679
What is 322003102 (base 4) in base 5?
30102103
Convert -220221 (base 6) to base 16.
-4735
-221121121122011 (base 3) to base 10
-13613080
Convert 1523355 (base 6) to base 11.
60896
-9b977 (base 13) to base 5
-33022320
-3130223233 (base 4) to base 8
-3345357
Convert -33311212021 (base 4) to base 9.
-7727037
78a08 (base 13) to base 10
219201
Convert -199279 (base 10) to base 5.
-22334104
What is -30202002 (base 4) in base 11?
-35624
-5609858 (base 12) to base 4
-332231212010
12363005 (base 8) to base 5
1200331421
What is 7802 (base 10) in base 13?
3722
5263b8 (base 12) to base 10
1296572
What is -6a3c82 (base 14) in base 16?
-3743aa
10120210011 (base 3) to base 4
101032123
1212112001202 (base 3) to base 12
3bb56b
-6020666 (base 7) to base 4
-2231211332
Convert 2231100123 (base 4) to base 5.
140202114
140443234 (base 5) to base 7
6051645
What is 330216 (base 9) in base 10?
197007
What is -100101110000010010101101 (base 2) in base 8?
-45602255
-10a1 (base 12) to base 8
-3471
101022001112 (base 3) to base 4
301133033
-62ab46 (base 13) to base 15
-30912c
What is 230012103 (base 4) in base 6?
3512123
Convert 52aa75 (base 12) to base 16.
13e779
What is 50055141 (base 6) in base 14?
288c17
-37cd9 (base 15) to base 6
-3453540
What is -17436b2 (base 13) in base 11?
-42958a6
What is 314204024 (base 5) in base 8?
5020540
Convert -34403a (base 12) to base 13.
-233914
Convert -20313224 (base 5) to base 11.
-104266
What is 330301222 (base 5) in base 6?
50202404
Convert -86618 (base 9) to base 5.
-3313430
What is -70507 (base 11) in base 2?
-11001001010111011
5631035 (base 9) to base 7
34525325
What is 7954a (base 11) in base 2?
11100000110110101
-10011021222 (base 3) to base 10
-62180
What is 228b0a8 (base 12) in base 9?
13462422
125873 (base 9) to base 4
102223302
-354311 (base 6) to base 16
-7843
30146 (base 10) to base 11
20716
15d02 (base 14) to base 5
3222221
523301 (base 6) to base 10
42229
What is 10112100 (base 3) in base 9?
3470
What is 2514313 (base 6) in base 16?
20d45
-2571763 (base 9) to base 16
-1571df
What is 100110000000111 (base 2) in base 10?
19463
What is 11220022000211 (base 3) in base 8?
11735752
Convert 50414 (base 13) to base 2.
100011000010001010
What is 222161 (base 8) in base 12?
373a9
Convert -225453053 (base 7) to base 4.
-31